0 = 3*u + u - 16, -r = -2*c - u. Let k = 12 - c. List the prime factors of k.
5
Let q(m) = 2*m - 6. Let w be q(5). Suppose j - 32 = -w*v + 35, -4*v - 215 = -5*j. What are the prime factors of 9/(-12)*(-1 - j)?
2, 3
Let w = 8 - 5. Suppose 0 = -2*c + t + 18, 1 + 0 = w*c + 5*t. List the prime factors of 4/(-2 - c/(-3)).
2, 3
Let k = -36 + 31. Let n(y) be the second derivative of -2*y**3 - 7*y**2 - 2*y. List the prime factors of n(k).
2, 23
Let w(l) be the first derivative of -7*l**2/2 - 2*l + 5. Let y be w(1). Let d = y - -15. What are the prime factors of d?
2, 3
Let i(t) = -t**3 - 27*t**2 - 13*t - 90. List the prime factors of i(-28).
2, 23
Let j(t) = t**3 - t**2 - t - 2. Let a be j(-2). Let f(d) = d**2 + 11*d - 10. Let m be f(a). Suppose -m*o - 9 = -59. List the prime factors of o.
5
Let w(m) = m**2 - 19*m + 91. Let t be w(8). Let j = 2 + 3. Suppose 5 = j*f, 3*z + f - 100 = -t*f. What are the prime factors of z?
2
Let y be (-72)/(-15) + 3/15. Suppose -y*g - 124 + 584 = 0. What are the prime factors of g?
2, 23
Let d(s) = -23*s - 3. Let h(w) = -23*w - 3. Let b(k) = 2*d(k) - 3*h(k). List the prime factors of b(1).
2, 13
Let v = -3533 + 6291. What are the prime factors of v?
2, 7, 197
Suppose 2524 + 45884 = 24*u. What are the prime factors of u?
2017
Suppose -1048 = 11*i - 13*i. List the prime factors of i.
2, 131
Let g = -488 - -1111. What are the prime factors of g?
7, 89
Suppose 4*y = -4*n + 1820, -5*n + 7*y = 6*y - 2287. What are the prime factors of n?
457
Let u(a) = a**3 + 3*a**2 - 3*a. Let s be u(0). Suppose -2*t = 3*b - 182, -6*t + b + 190 = -4*t. Suppose s = g + g - t. What are the prime factors of g?
47
Let b = 1094 - -976. List the prime factors of b.
2, 3, 5, 23
Suppose 0 = d + 3*d + 532. Let q = -90 - d. List the prime factors of q.
43
Let g(n) be the first derivative of n**3/3 - 5*n**2/2 + 3*n - 1. Let y be g(9). Let d = y - 18. List the prime factors of d.
3, 7
Suppose -496*k = -502*k + 2130. What are the prime factors of k?
5, 71
Suppose 15*y = 20*y - 25. Suppose -y*r + 1285 = -85. List the prime factors of r.
2, 137
Let x be -3 + (1 - (-3 + 1)). Suppose x = 4*w + w - 140. Suppose 0*v = -2*v + w. What are the prime factors of v?
2, 7
Let m be ((-2)/(-3))/(10/195). Let o(f) = -f**3 + 12*f**2 + 16*f - 17. Let z be o(m). Suppose -3*t + 4*t = z. List the prime factors of t.
2, 11
Let x be (-10)/2 - -2 - -6. Suppose x*f = -3*b + 60, 4*b - 5*f - 89 = -0*f. Suppose 3*v + 0*v = b. List the prime factors of v.
7
Suppose -j = 4*q - 5263 - 122, 3*q - 5*j - 4010 = 0. What are the prime factors of q?
5, 269
Suppose k = 3, -3*i - k + 0 = -15. What are the prime factors of (8/i)/(-2) + 100?
3, 11
Suppose -2394 = 73*j - 79*j. What are the prime factors of j?
3, 7, 19
Let b = 81 - -107. List the prime factors of b.
2, 47
List the prime factors of (2050 + 2)*(5 + (-3)/1).
2, 3, 19
Let p = -1318 + 2721. List the prime factors of p.
23, 61
Let r(n) = n**2 - 5*n + 8. Let y be (-1)/4 + (-185)/(-20). List the prime factors of r(y).
2, 11
Let r(z) = -17*z + 8. Let m be (-2)/(-2) + (2 - 8). Let t be r(m). Let o = 130 - t. What are the prime factors of o?
37
Suppose -q + 5*g = 7, -2*g + 17 - 4 = 3*q. Suppose 6 = -q*n, 2*n - 68 = -5*j - 17. What are the prime factors of j?
11
Let a = -31 + 15. Let n = 39 + a. What are the prime factors of n/(4*1/4)?
23
Let c = 11 - 21. Let q(a) = -a**3 - 10*a**2 - 2*a - 7. Let z be q(c). List the prime factors of (-2)/z - 132/(-13).
2, 5
Suppose 0 = -3*l - 6 - 6. What are the prime factors of l/(-1)*(-13)/(-26) + 16?
2, 3
Let w = 29 - 31. Let c be 5 + -2 - w*48. What are the prime factors of c*(50/(-15) + 4)?
2, 3, 11
Suppose 4*s = 2*z - 2750, 2*z - 660 = -4*s + 2130. List the prime factors of z.
5, 277
Suppose -5*a + 2*b = -8475, 2*b = 11 - 21. List the prime factors of a.
1693
Let b(s) = 2*s**2 + 31*s - 506. What are the prime factors of b(22)?
2, 11, 13
Suppose 11 = -8*d + 43. Suppose -p + 4*p = 0. Suppose p = g - 4, -3*i + d*g = -i - 24. List the prime factors of i.
2, 5
Let q(a) = -2*a + 6. Let c be q(5). Let x be 16/(-6)*6/c. Let y = x - -21. What are the prime factors of y?
5
Let n(d) = 5*d**2 - 4*d + 1. Let f(s) = s**3 - 5*s**2 - s + 2. Let b be f(5). List the prime factors of n(b).
2, 29
Let y be (6/(-21))/(3/(-42)). Suppose 4*s + 4 + 4 = 0, -y*x + 242 = s. What are the prime factors of x?
61
Let m(q) = 32*q**2 - 3*q - 1. Let g be m(-2). Suppose -3*d + 223 = 2*v, v + g = 3*d - 75. What are the prime factors of d?
71
Suppose 5*a + s = 110, -6 = a - 2*a + 3*s. Suppose -2*m + a = 5*m. List the prime factors of 2/(6*m/153).
17
Let a be (-4)/(-6)*81/18. Let b(j) = a - 11*j + j**3 + 7*j**2 + 1 - 5. What are the prime factors of b(-8)?
23
Let g(r) = 2*r. Let n be g(1). Let j be -14 + 18 + -2*n. Suppose j = 9*c - 4*c - 170. List the prime factors of c.
2, 17
Let h(y) = -y**2 + 13*y - 7. Let q be h(12). Suppose 237 = q*z - 58. What are the prime factors of z?
59
Suppose 2*j + 5 - 3 = 0. What are the prime factors of 6/(-9)*3 - (j - 162)?
7, 23
Let j(u) = -u**2 + 8*u + 19. Let m be j(10). Let r be m/((-3 + -1)/20). Suppose -43 = -0*l - l - r*w, 5*w + 189 = 3*l. List the prime factors of l.
2, 29
Let d(n) = 4*n**2 + 9*n + 4. Suppose -4*p - 11 - 5 = 0. What are the prime factors of d(p)?
2
Let b(t) = 4*t - 7. Let o be b(3). Suppose -o*i + 79 = 239. Let z = i + 76. List the prime factors of z.
2, 11
Let r(g) = -122*g + 594. List the prime factors of r(-11).
2, 11
Let l(t) = -2*t + 6*t + 7 - 5*t - 5*t**2 + 3*t + t**3. List the prime factors of l(6).
5, 11
Let c(g) be the first derivative of -4*g**2 - 50*g - 10. List the prime factors of c(-20).
2, 5, 11
Suppose -21 = -q - 117. Let k = -1 - q. What are the prime factors of k?
5, 19
Let a(w) = -w**2 - 9*w - 7. Let t be a(-7). Suppose 2*m = t*m + 195. List the prime factors of (0/4)/(-1) - m.
3, 13
Let a(f) be the second derivative of 7*f**3/6 + f. Let t be 24/42 - (-93)/21. List the prime factors of a(t).
5, 7
Let c = 1197 - 441. Let d = c - 502. List the prime factors of 8/12 - d/(-6).
43
Suppose -21622 = -26*q + 3052. What are the prime factors of q?
13, 73
Suppose -f = 10*f - 8492. List the prime factors of f.
2, 193
Let a(y) = -8*y**3 - 8*y**2 - 20*y - 14. What are the prime factors of a(-9)?
2, 5, 107
Suppose 0 = 4*f - 5*s - 23 - 17, -2*s - 3 = f. Suppose 6*h = h - 25, h - f = 5*w. What are the prime factors of (-216)/20*5/w?
3
Let c(j) = j**3 + 10*j**2 + 8*j - 10. Suppose -1 = 2*l + 13. What are the prime factors of c(l)?
3
Let i(q) be the third derivative of q**4/12 - 4*q**3/3 + q**2. Let l be i(8). Suppose 3*k - 4*s = s + 21, 0 = -2*k - 4*s - l. List the prime factors of k.
2
Suppose 3*l = -3*z - 48 + 255, 5*l = 5*z + 345. What are the prime factors of l?
3, 23
Let j(k) = 2*k + 6. Let f be j(11). Let q = 51 - f. List the prime factors of q.
23
Let x = -37 - -181. List the prime factors of 1*(-1 - x/(-2)).
71
Let m = 1 - -2. Suppose 2*l + 40 = -m*l. What are the prime factors of (l/(-6))/(6/153)?
2, 17
Let p = 1 - 5. Let t = 19 + p. Let m = t - 6. What are the prime factors of m?
3
Let t be 10/(-50)*(2 + 3)*5. Let z(g) be the second derivative of -5*g**3/6 + 5*g**2/2 - g. What are the prime factors of z(t)?
2, 3, 5
Suppose -3*n + 7*n = 12. Let p = -32 - -34. Suppose -s = -f - 34, -p*s - n*f + 50 = 2. What are the prime factors of s?
2, 3, 5
Suppose -h - 148 = 3*h. Let r = h - -80. List the prime factors of r.
43
Let d(r) be the first derivative of 3*r**2 - 17*r + 4. Let u be d(9). Let m = u + -8. List the prime factors of m.
29
Suppose 2*a = -5*n + 1802, 0 = -3*n - 3*a + 450 + 633. What are the prime factors of n?
2, 3, 5
Suppose s - 2*k - 97 = 0, 0 = -s - 3*s - 2*k + 378. Suppose 0 = 4*u - 73 - s. Suppose u = 5*x + 7. What are the prime factors of x?
7
Suppose -33418 - 17174 = -62*p. List the prime factors of p.
2, 3, 17
Suppose -3*f - 2*c = 1 + 1, 5*c = -f - 5. Suppose 3*s + s = f. What are the prime factors of (104 - s)*(-5)/(-10)?
2, 13
Suppose 3*u - 18*u + 3735 = 0. What are the prime factors of u?
3, 83
Let j = -5 - 28. Let g = j - -20. Let s = g - -18. What are the prime factors of s?
5
Let a be 1*(-1401)/(-9) + (-4)/6. What are the prime factors of -3 + 20/5 + a?
2, 3, 13
Let o be 12/2*2/4. Suppose 0 = -n + o*u + 77, -u - 1 = 2. Suppose 53 = 5*y - q - n, -12 = 